-5?
24851666
In base 13, what is -2 + -165c1675?
-165c1677
In base 11, what is -49 + -1617328?
-1617376
In base 2, what is 1 - -11011011111111011111101?
11011011111111011111110
In base 6, what is -32305144012 - -1?
-32305144011
In base 7, what is -6424424533 + -3?
-6424424536
In base 12, what is -19780b8 + -1?
-19780b9
In base 6, what is -1532134051 + 1?
-1532134050
In base 13, what is 17277 + -1c1?
17086
In base 5, what is -11042231124 - 10?
-11042231134
In base 10, what is 22940410 - -37?
22940447
In base 6, what is -112 - -255313021?
255312505
In base 16, what is 1d - -24549?
24566
In base 9, what is -13830142 + -4?
-13830146
In base 5, what is -13231220 - -4204?
-13222011
In base 10, what is -3 + -762357?
-762360
In base 7, what is -520 - -2151545?
2151025
In base 16, what is -1 - -59adbaa?
59adba9
In base 8, what is -1020461747 - 1?
-1020461750
In base 14, what is -122c4c - 4?
-122c52
In base 2, what is 100010001001100111010101 + 100?
100010001001100111011001
In base 5, what is 10421320100 + 2?
10421320102
In base 13, what is c - 1a1313?
-1a1304
In base 15, what is -6e1e + -1c11?
-8b30
In base 3, what is -1110110221210 + -20?
-1110110222000
In base 9, what is -57264171 - -5?
-57264165
In base 11, what is -1341 + -34062?
-353a3
In base 4, what is -2 + 221232030000?
221232023332
In base 7, what is 2322 - 1302314?
-1266662
In base 2, what is 1001 - 1111011010001001011100110?
-1111011010001001011011101
In base 10, what is -65079796 + -4?
-65079800
In base 12, what is -31631 + -145?
-31776
In base 11, what is 74099482 + 1?
74099483
In base 4, what is 220 + 31011202231?
31011203111
In base 13, what is -2b6b + -12177?
-15015
In base 2, what is -1001100101011000000100 + -101010101?
-1001100101011101011001
In base 8, what is 247147 + 64?
247233
In base 12, what is -a88 + -ab73?
-ba3b
In base 7, what is -2562353 - 15?
-2562401
In base 5, what is 1211 - 11324130?
-11322414
In base 11, what is 5 - 17a340?
-17a336
In base 16, what is 838 + -4d3b?
-4503
In base 2, what is 11010111 + -10011010000001010?
-10011001100110011
In base 3, what is -120011 + -11010100011?
-11010220022
In base 9, what is -48 - -258034?
257875
In base 8, what is 316663673 + 21?
316663714
In base 11, what is 416 - -54505a?
545475
In base 8, what is 0 - -12405063?
12405063
In base 11, what is -31387 - 2528?
-33904
In base 4, what is 100130 - -302032230?
302133020
In base 5, what is -31133110 + 211?
-31132344
In base 10, what is -49662581 + 0?
-49662581
In base 15, what is 3a05 + 26e6?
61eb
In base 13, what is b48591 - 2?
b4858c
In base 2, what is 110100001110101000001101110111 + -101?
110100001110101000001101110010
In base 12, what is -3 - 30b472b3?
-30b472b6
In base 5, what is 1141214 + -40304?
1100410
In base 7, what is 2 - -1133611501?
1133611503
In base 7, what is -5663133 - -331?
-5662502
In base 2, what is 101001011111101001 + 1?
101001011111101010
In base 14, what is 6597b + 589?
66126
In base 8, what is -43 + -3142266?
-3142331
In base 12, what is -1 - 81b07a5?
-81b07a6
In base 4, what is -2012 + 3311100331?
3311032313
In base 15, what is -454ce + de9?
-445d5
In base 4, what is 230103 + 311331?
1202100
In base 6, what is -11402 - -133315?
121513
In base 8, what is -1112 - -33771?
32657
In base 9, what is -824 + -223317?
-224242
In base 9, what is 30576 + -5865?
23611
In base 15, what is -1a - -1844d62?
1844d47
In base 2, what is 110000101 + 1000010000011011000?
1000010001001011101
In base 7, what is 123541 - -3341?
130212
In base 9, what is -143 - 85057?
-85211
In base 6, what is -2242142102 - 0?
-2242142102
In base 15, what is 5 - 90e59?
-90e54
In base 15, what is -8a + 52b47?
52aac
In base 5, what is -3314 + -12231443?
-12240312
In base 9, what is -625 + -62851?
-63576
In base 2, what is 10010100101010 + -100110100111?
1101110000011
In base 5, what is -100424421 - -40?
-100424331
In base 6, what is -2355313 + -12?
-2355325
In base 13, what is 84a + -bc2?
-375
In base 11, what is -88 - 3381a9?
-338286
In base 5, what is -211330222202 - 4?
-211330222211
In base 5, what is -113423 - 24002?
-142430
In base 5, what is -41420040323 - 4?
-41420040332
In base 12, what is -1a - -500918?
5008ba
In base 13, what is 3 + -b4710?
-b470a
In base 14, what is -583 + 437?
-14a
In base 3, what is 20021122112 + -22102201?
12222012211
In base 10, what is -1642723 + 62?
-1642661
In base 3, what is -2022200 - 220110120?
-222210020
In base 3, what is 102212222011202 + 121?
102212222012100
In base 16, what is 2c7 + 55182?
55449
In base 9, what is -5605236 + 14?
-5605222
In base 15, what is -1b6d9be + -2?
-1b6d9c1
In base 16, what is 6e31bb + -1?
6e31ba
In base 13, what is -5924 + 0?
-5924
In base 3, what is -11 - 110111210022001?
-110111210022012
In base 13, what is 6224048 + -1?
6224047
In base 6, what is -4144241542 - -5?
-4144241533
In base 9, what is 3700 - 3571?
118
In base 11, what is 2 + 11516141?
11516143
In base 9, what is -47055505 + 38?
-47055456
In base 9, what is -67 - -3645842?
3645764
In base 15, what is -1b - 4773a?
-47756
In base 5, what is -132421 + -21202201?
-21340122
In base 11, what is -74711 - 629?
-7523a
In base 16, what is -3405 + -145?
-354a
In base 4, what is -20012203201 - 12?
-20012203213
In base 10, what is 0 - -131200?
131200
In base 12, what is -33 + -457097?
-45710a
In base 4, what is 123021212 + -310331?
122110221
In base 6, what is -204 - 5250324?
-5250532
In base 2, what is -111001 - 1111101100000111?
-1111101101000000
In base 8, what is 122024 - 13103?
106721
In base 8, what is 15132057 - 562?
15131275
In base 11, what is 1725 + 10968?
12592
In base 16, what is -93a78f0 + 5?
-93a78eb
In base 9, what is -468184487 + -1?
-468184488
In base 10, what is 37949425 + -22?
37949403
In base 16, what is -2046a8a - 5?
-2046a8f
In base 16, what is -31ca3a7 - 4?
-31ca3ab
In base 10, what is -77923065 + 3?
-77923062
In base 5, what is -10124412 + 1312?
-10123100
In base 13, what is 4 + -2bb34b87?
-2bb34b83
In base 13, what is 1580 + 3a32?
52b2
In base 9, what is 372557 - -7456?
381124
In base 10, what is -14 - -4724469?
4724455
In base 5, what is 214223441 - -1213?
214230204
In base 4, what is 2022032 - 312212?
1103220
In base 10, what is 300733 + 2677?
303410
In base 8, what is -3 + 542756456?
542756453
In base 7, what is -1251530561 - 2?
-1251530563
In base 7, what is -3104355015 - 0?
-3104355015
In base 13, what is -14ab54a - -1?
-14ab549
In base 6, what is -1033105 + 141112?
-451553
In base 14, what is -2490 - 2949?
-4dd9
In base 4, what is -100020030 - -1200303?
-32213121
In base 4, what is -1 - -130221323313?
130221323312
In base 6, what is 0 - -513232?
513232
In base 10, what is 5139 + -8125?
-2986
In base 15, what is 7 + 4ed8eb9?
4ed8ec1
In base 16, what is 4c - ae1150?
-ae1104
In base 15, what is 9bb4 - -32?
9be6
In base 4, what is 13022212301220 - -10?
13022212301230
In base 15, what is -2 - -51730?
5172d
In base 9, what is -171 + 427303?
427122
In base 9, what is 2076 - 11622?
-8535
In base 8, what is 1 + 14153624?
14153625
In base 3, what is -12 - 10122121211?
-10122122000
In base 11, what is -2 + 76a102?
76a100
In base 10, what is 5491117 + -1?
5491116
In base 4, what is 10022020212 - 112?
10022020100
In base 12, what is -85815 + 72?
-85763
In base 15, what is -e73 - -1c95?
d22
In base 3, what is -2000100222 - 22212011?
-2100020010
In base 2, what is -1100101101 + 1001010011110001?
1001000111000100
In base 16, what is -5b8 - -e8fc?
e344
In base 12, what is -8b6a35a + 3?
-8b6a357
In base 11, what is -8096 - -357?
-783a
In base 2, what is 1000111010000111111111011 + -101?
1000111010000111111110110
In base 9, what is 1020 + -323?
586
In base 11, what is 16 - 610019?
-610003
In base 10, what is 8833939 - 3?
8833936
In base 9, what is 220401136 + -5?
220401131
In base 10, what is -484934003 - 5?
-484934008
In base 7, what is 1066144105 - 4?
1066144101
In base 15, what is -5c57 - -624?
-5633
In base 5, what is 324214010 + -1?
324214004
In base 14, what is -6b + 2345b4?
234547
In base 4, what is -31 + -1202003011110?
-1202003011201
In base 7, what is 233360 - -603?
234263
In base 11, what is -a3 - 6095?
-6188
In base 3, what is -122 + 21111111220?
21111111021
In base 6, what is -10031540531 - 4?
-10031540535
In base 2, what is -1000111011110 + 1010010111110?
1011